{"version":"1.0","provider_name":"Federata Shqiptare e Tenisit","provider_url":"https:\/\/albaniantennis.com\/en","author_name":"Klaus Bardeli","author_url":"https:\/\/albaniantennis.com\/en\/author\/klausi\/","title":"Ekipi komb\u00ebtar i Djemve n\u00eb Davis Cup 2023 &#8212; Federata Shqiptare e Tenisit","type":"rich","width":600,"height":338,"html":"<blockquote class=\"wp-embedded-content\" data-secret=\"bh6TWcdaql\"><a href=\"https:\/\/albaniantennis.com\/en\/ekipi-kombetar-i-djemve-ne-davis-cup-2023\/\">Ekipi komb\u00ebtar i Djemve n\u00eb Davis Cup 2023<\/a><\/blockquote><iframe sandbox=\"allow-scripts\" security=\"restricted\" src=\"https:\/\/albaniantennis.com\/en\/ekipi-kombetar-i-djemve-ne-davis-cup-2023\/embed\/#?secret=bh6TWcdaql\" width=\"600\" height=\"338\" title=\"&#8220;Ekipi komb\u00ebtar i Djemve n\u00eb Davis Cup 2023&#8221; &#8212; Federata Shqiptare e Tenisit\" data-secret=\"bh6TWcdaql\" frameborder=\"0\" marginwidth=\"0\" marginheight=\"0\" scrolling=\"no\" class=\"wp-embedded-content\"><\/iframe><script>\n\/*! This file is auto-generated *\/\n!function(d,l){\"use strict\";l.querySelector&&d.addEventListener&&\"undefined\"!=typeof URL&&(d.wp=d.wp||{},d.wp.receiveEmbedMessage||(d.wp.receiveEmbedMessage=function(e){var t=e.data;if((t||t.secret||t.message||t.value)&&!\/[^a-zA-Z0-9]\/.test(t.secret)){for(var s,r,n,a=l.querySelectorAll('iframe[data-secret=\"'+t.secret+'\"]'),o=l.querySelectorAll('blockquote[data-secret=\"'+t.secret+'\"]'),c=new RegExp(\"^https?:$\",\"i\"),i=0;i<o.length;i++)o[i].style.display=\"none\";for(i=0;i<a.length;i++)s=a[i],e.source===s.contentWindow&&(s.removeAttribute(\"style\"),\"height\"===t.message?(1e3<(r=parseInt(t.value,10))?r=1e3:~~r<200&&(r=200),s.height=r):\"link\"===t.message&&(r=new URL(s.getAttribute(\"src\")),n=new URL(t.value),c.test(n.protocol))&&n.host===r.host&&l.activeElement===s&&(d.top.location.href=t.value))}},d.addEventListener(\"message\",d.wp.receiveEmbedMessage,!1),l.addEventListener(\"DOMContentLoaded\",function(){for(var e,t,s=l.querySelectorAll(\"iframe.wp-embedded-content\"),r=0;r<s.length;r++)(t=(e=s[r]).getAttribute(\"data-secret\"))||(t=Math.random().toString(36).substring(2,12),e.src+=\"#?secret=\"+t,e.setAttribute(\"data-secret\",t)),e.contentWindow.postMessage({message:\"ready\",secret:t},\"*\")},!1)))}(window,document);\n\/\/# sourceURL=https:\/\/albaniantennis.com\/wp-includes\/js\/wp-embed.min.js\n<\/script>","thumbnail_url":"https:\/\/albaniantennis.com\/wp-content\/uploads\/2023\/07\/362940795_296975979553435_7720921518559517681_n.jpg","thumbnail_width":1043,"thumbnail_height":757,"description":"Ekipi komb\u00ebtar i Djemve n\u00eb Davis Cup 2023. \ufe0fNga data 18 Korrik deri dje ekipi komb\u00ebtar i djemve i kategoris\u00eb s\u00eb t\u00eb rriturve \u00ebsht\u00eb grumbulluar n\u00eb Ulqin t\u00eb Malit t\u00eb Zi, n\u00eb Klubin e Tenisit &#8220;Bellevue&#8221; si parap\u00ebrgatitje p\u00ebr pjes\u00ebmarrjen n\u00eb Kampionatin Bot\u00ebror Ekipor t\u00eb Meshkujve &#8220;2023 Davis Cup Europe Group IV&#8221; q\u00eb fillon sot deri m\u00eb 29 Korrik 2023 n\u00eb Ulqin, Mal i Zi. Shqip\u00ebria ndodhet n\u00eb grupin IV, Pool B, s\u00eb bashku me: Island\u00ebn, Azerbajxhanin dhe Kosov\u00ebn. Sot Shqip\u00ebria do t\u00eb p\u00ebrballet me Island\u00ebn. Ekipi komb\u00ebtar shqiptar p\u00ebrb\u00ebhet nga tenist\u00ebt: Mario Zili (kapiten\/lojtar), Martin Muedini, Nermin Hoxhi\u00e7 dhe Arb\u00ebr Sulstarova. I urojm\u00eb shum\u00eb suksese ekipit ton\u00eb n\u00eb k\u00ebt\u00eb kompeticion t\u00eb r\u00ebnd\u00ebsish\u00ebm nd\u00ebrkomb\u00ebtar."}

Ekipi kombëtar i Djemve në Davis Cup 2023 &#8212; Federata Shqiptare e Tenisit

<blockquote class="wp-embedded-content" data-secret="bh6TWcdaql"><a href="https://albaniantennis.com/en/ekipi-kombetar-i-djemve-ne-davis-cup-2023/">Ekipi kombëtar i Djemve në Davis Cup 2023</a></blockquote><iframe sandbox="allow-scripts" security="restricted" src="https://albaniantennis.com/en/ekipi-kombetar-i-djemve-ne-davis-cup-2023/embed/#?secret=bh6TWcdaql" width="600" height="338" title="&#8220;Ekipi kombëtar i Djemve në Davis Cup 2023&#8221; &#8212; Federata Shqiptare e Tenisit" data-secret="bh6TWcdaql" frameborder="0" marginwidth="0" marginheight="0" scrolling="no" class="wp-embedded-content"></iframe><script>
/*! This file is auto-generated */
!function(d,l){"use strict";l.querySelector&&d.addEventListener&&"undefined"!=typeof URL&&(d.wp=d.wp||{},d.wp.receiveEmbedMessage||(d.wp.receiveEmbedMessage=function(e){var t=e.data;if((t||t.secret||t.message||t.value)&&!/[^a-zA-Z0-9]/.test(t.secret)){for(var s,r,n,a=l.querySelectorAll('iframe[data-secret="'+t.secret+'"]'),o=l.querySelectorAll('blockquote[data-secret="'+t.secret+'"]'),c=new RegExp("^https?:$","i"),i=0;i<o.length;i++)o[i].style.display="none";for(i=0;i<a.length;i++)s=a[i],e.source===s.contentWindow&&(s.removeAttribute("style"),"height"===t.message?(1e3<(r=parseInt(t.value,10))?r=1e3:~~r<200&&(r=200),s.height=r):"link"===t.message&&(r=new URL(s.getAttribute("src")),n=new URL(t.value),c.test(n.protocol))&&n.host===r.host&&l.activeElement===s&&(d.top.location.href=t.value))}},d.addEventListener("message",d.wp.receiveEmbedMessage,!1),l.addEventListener("DOMContentLoaded",function(){for(var e,t,s=l.querySelectorAll("iframe.wp-embedded-content"),r=0;r<s.length;r++)(t=(e=s[r]).getAttribute("data-secret"))||(t=Math.random().toString(36).substring(2,12),e.src+="#?secret="+t,e.setAttribute("data-secret",t)),e.contentWindow.postMessage({message:"ready",secret:t},"*")},!1)))}(window,document);
//# sourceURL=https://albaniantennis.com/wp-includes/js/wp-embed.min.js
</script>

Ekipi kombëtar i Djemve në Davis Cup 2023. ️Nga data 18 Korrik deri dje ekipi kombëtar i djemve i kategorisë së të rriturve është grumbulluar në Ulqin të Malit të Zi, në Klubin e Tenisit &#8220;Bellevue&#8221; si parapërgatitje për pjesëmarrjen në Kampionatin Botëror Ekipor të Meshkujve &#8220;2023 Davis Cup Europe Group IV&#8221; që fillon sot deri më 29 Korrik 2023 në Ulqin, Mal i Zi. Shqipëria ndodhet në grupin IV, Pool B, së bashku me: Islandën, Azerbajxhanin dhe Kosovën. Sot Shqipëria do të përballet me Islandën. Ekipi kombëtar shqiptar përbëhet nga tenistët: Mario Zili (kapiten/lojtar), Martin Muedini, Nermin Hoxhiç dhe Arbër Sulstarova. I urojmë shumë suksese ekipit tonë në këtë kompeticion të rëndësishëm ndërkombëtar.
